te q(0).
-1
Let b(x) = x - 11. Suppose 0 = -v + 8 + 1. Determine b(v).
-2
Let t(a) = a**3 - a**2 - a - 1. Let i(z) = 2*z + 1 + 6*z**2 - 2 + z - z**3. Let c(y) = -i(y) - 2*t(y). Let h be (-6)/8*(10 - 6). Give c(h).
-3
Let s(v) = 4*v**2 - 7. Let d be 6 + (-1 - 2/1). Let i(o) = -o**2 + o. Let t(q) = d*i(q) + s(q). What is t(-5)?
3
Let b(m) = 6 - 5 + m**2 + 1 + 4*m + 4. Give b(-4).
6
Let d(c) = 2*c + 1. Suppose 4*u - 5*u = 5. Let q = u - -1. Determine d(q).
-7
Let l(q) be the second derivative of q**3/6 - 6*q**2 + 17*q. Let k(a) = -a**3 + a**2 + 6. Let s be k(0). Give l(s).
-6
Let f(h) be the second derivative of h**3/6 - 3*h**2 + 13*h. Calculate f(0).
-6
Let z(h) = -h**2 - 13*h + 4. Let a be z(-13). Let c(i) = i**2 - 5*i - 1. Calculate c(a).
-5
Suppose -d = -f - 6, -2*f = d - f. Let c(u) = 2 + 0*u + 7*u - 11*u + d*u. Give c(5).
-3
Let u be (6/2)/(18/12). Let p(w) = w**3 + 2*w + 3*w - w**u - w - 3*w. What is p(2)?
6
Let y(i) = 3*i + 1. Let n be y(1). Suppose 4*s + 2 = -2*r - 10, n*s + 24 = r. Let v(t) = -t**3 - 6*t**2 - 8*t - 5. Determine v(s).
10
Let k = -186 - -560/3. Let l(b) be the third derivative of 1/60*b**5 - 5/24*b**4 + 0 - 4*b**2 - k*b**3 + 0*b. What is l(3)?
-10
Let y(t) be the second derivative of 0 - 1/6*t**4 + 7*t + t**2 + 1/6*t**3. Determine y(2).
-4
Let a = 14 - 27/2. Let o(p) be the first derivative of 2 - 2*p + a*p**2 + 1/4*p**4 + 4/3*p**3. Determine o(-3).
4
Suppose 3*z + 0*z + r - 10 = 0, 5*r = -4*z - 5. Let i(b) = b**3 - 4*b**2 - 5*b - 7. What is i(z)?
-7
Suppose -u = 2*o + 3*u + 26, 0 = 3*o + 4*u + 31. Let j(p) = -p - 1. Let y be 1/(-4) + 13/4. Let w(r) = r + 2. Let f(q) = y*w(q) + 2*j(q). Calculate f(o).
-1
Let h(t) = -t**3 - 7*t**2 + 8*t - 5. Suppose 5*k + 20 + 10 = 2*p, -p = 5. Calculate h(k).
-5
Suppose 2 = -5*d - 8. Let k(a) = -a**2 - 2*a + 1. What is k(d)?
1
Let s(c) be the third derivative of -c**7/1008 - c**6/720 - c**5/15 - 9*c**2. Let r(x) be the third derivative of s(x). Determine r(1).
-6
Let s(g) be the first derivative of -g**3/3 + 2*g + 5. Calculate s(2).
-2
Let o(m) = -13*m**2 + 1 + 12*m**2 + 1. Determine o(-4).
-14
Suppose -4*l - 18 + 94 = 0. Let q(h) = h**2 + 5*h + 10 - l + 10. Suppose 4*r = -3*k - 10, -1 = -5*r - 6. What is q(k)?
-5
Let b(o) = -2*o**2 + 4*o - 1. Let g = -1 - -4. Determine b(g).
-7
Let t(c) = c**3 - 4. Let x = -8 + 8. Determine t(x).
-4
Let n(b) = -2*b + 1. Let a be n(-1). Suppose -3*i = -5*i. Let p(v) = a*v + i*v - v - 1. Calculate p(4).
7
Let c = -15 + 12. Let l(m) be the third derivative of -m**4/12 - m**3/3 + m**2. Determine l(c).
4
Let f = 79 - 473/6. Let q(u) be the second derivative of f*u**3 + 1/2*u**2 + u + 0 - 7/12*u**4. What is q(-1)?
-7
Let s = -5 + 10. Let c(b) = -b**3 + b**2 + s - 5 - b - b**3. What is c(1)?
-2
Let c be 7 - 7 - -2*1. Let z(w) = -w**2 - w - 1. Let m(p) = -6*p**2 - 6. Let s(j) = -m(j) + 4*z(j). Calculate s(c).
2
Let o(d) = 4*d**3 - d + 1. Let s = 22 - 21. Give o(s).
4
Let n(f) be the third derivative of 0 - f**2 + 0*f + 1/3*f**3 + 1/12*f**5 - 1/120*f**6 - 1/6*f**4. What is n(2)?
6
Let y be 1 - (-4)/2 - -1. Let s(w) = 1 - 850*w**3 + 5*w + 851*w**3 + 0*w**2 - 6*w**2. Calculate s(y).
-11
Let s(m) = -m**3 + 5*m**2 + 4*m + 4. Let o(l) = l**3 + 7*l**2 - 10*l + 6. Let u be o(-8). Let f = u - 16. Give s(f).
-8
Let h(w) = -5*w. Let j = -18 - -20. What is h(j)?
-10
Let l(x) = -x**2 + 10*x + 4. Let n(j) = -j**3 - 11*j**2 - 11*j. Let h be n(-10). Let s be l(h). Let d(g) = -g + 6. Determine d(s).
2
Let k(x) = x**2 + 5 - 13*x - 2 + 8*x. Suppose 0 = -j - 2*a + 3, 4*j + a + 2*a = 12. Calculate k(j).
-3
Let p(f) = f**2 - 2*f - 1. Let w = 61 + -62. What is p(w)?
2
Suppose 0*c + 7 = c. Let b(j) be the second derivative of j**3/6 - j**2 - 2*j + 4. What is b(c)?
5
Let q(d) = 8*d. Let b(h) be the second derivative of h**5/20 - h**4/2 + h**3/6 - 5*h**2/2 - 3*h. Let r be b(6). Calculate q(r).
8
Let i = -22 - -26. Let n(y) = -4*y + 1. What is n(i)?
-15
Let o(x) = -3*x**2. Let v be 16/(-8 + 4) - 5*-1. Determine o(v).
-3
Let c(j) be the third derivative of -j**5/60 + j**4/24 - j**3/6 - 5*j**2. Let q(z) = -6 - z - z**2 - 3*z**2 - 2*z**2. Let v(y) = 4*c(y) - q(y). Calculate v(-3).
5
Let p(r) be the first derivative of r**3/3 - 5*r**2/2 + 2*r - 2. Calculate p(3).
-4
Let i = -11 + 13. Let b(f) = 3*f**2 + 2 + 0*f - 4 - 2*f**i + f. Calculate b(0).
-2
Let o be -2 - (-10)/(-15)*-15. Let i(r) = r + 1. What is i(o)?
9
Let y(g) = -g**2 - 12*g - 7. Let f be y(-12). Let u(w) = w**2 + 8*w + 8. What is u(f)?
1
Suppose 0 = -2*z + 5*v - 41, -4*z + 5 - 17 = 4*v. Let g = z - -7. Let i(u) = 8*u**3 - 2*u - 1. Calculate i(g).
-7
Let v be 5 + -7 - (-8 - -1). Let l(b) = b**3 - 6*b**2 + 5*b - 1. Give l(v).
-1
Let f(t) = -t + 9. Suppose 7*v = 9*v. Calculate f(v).
9
Let m = -8 + 11. Let k = -4 - -6. Let w(l) = 3*l**2 - 4*l**2 + k*l - 5 + 4. Give w(m).
-4
Let c(f) = 2*f**3 + f**2 - 3*f - 7. Let h(j) = -j**3 - j**2 + j + 3. Let g(k) = 2*c(k) + 5*h(k). Suppose -3*v + 3 = -4*v. Calculate g(v).
4
Let g(b) = -b**2 - 6*b + 2. Let a(u) = -u**2 - 4*u + 3. Let v be a(-4). Suppose 2*t - 7*x = -3*x - 24, v*t - x = -21. Determine g(t).
2
Let h(g) = g**3 + 8*g**2 + g + 1. Suppose -4*j - 40 = j. Calculate h(j).
-7
Suppose 0 = 3*z - 1 - 2. Let k(t) = -z + 5 - 6*t + 11*t - 2*t**2 - t**3. Let b(p) = p**3 - 2*p**2 - 4*p. Let j be b(3). Give k(j).
-2
Suppose -24 = -r + 5*r. Let l be (10 + -6)*r/(-8). Let i(s) = s**3 - 4*s**2 + s + 1. Calculate i(l).
-5
Let n(f) = 5*f**2 - 8*f + 10. Let h(z) = -9*z**2 + 16*z - 19. Let b(t) = 4*h(t) + 7*n(t). What is b(6)?
6
Let g(o) = o**3 + o**2 - 4*o. Let c be g(-3). Let d = 1 + c. Let n(k) = k + 1. What is n(d)?
-4
Suppose 2*a - 5 = a. Let s(c) = c + 4. Let t(r) = -r - 4. Let x(m) = a*t(m) + 6*s(m). Let z be 0*(2 + (-5)/2). What is x(z)?
4
Let x(r) = -4*r + 314*r**3 + 8*r**2 - 2 - 10*r**2 - 315*r**3. Give x(-2).
6
Let a(s) = 7*s**3 + s**2 + 7*s + 6. Let j(v) = 2 + 1 + v - 2. Let h(c) = -a(c) + 5*j(c). What is h(-1)?
7
Let q(w) = -w**3 + 2*w**2 + 3*w + 4. Let k(h) = -h**2 + 6*h + 1. Let g be k(5). Suppose 2*x = 3*x - g. Let d be (2 - 1)*-3 + x. Give q(d).
4
Let q(s) = -s**3 + 2*s**2 + 2*s. Let r be q(3). Let t(x) = 5*x**2 + 5*x + 3. Let g(i) = i**2 + i. Let m(h) = -4*g(h) + t(h). What is m(r)?
9
Let t(o) = o**3 - 6*o**2 + 5*o. Let r(u) = u**2 - 11*u + 10. Let f be r(10). Suppose f = -5*q + 20, 6*a - 4*q = a + 9. What is t(a)?
0
Let a be (8/(-12))/((-6)/63). Let z(m) = -m + 8. What is z(a)?
1
Suppose z - 5*s = -7, 2 = 3*z + 5*s - 17. Suppose -z*q = 4*r - 0*r - 6, -2 = -q. Let x(v) = v + 4. Give x(r).
4
Let f(i) = -4 - 28*i + 29*i + 0. Determine f(-5).
-9
Let l(v) = v**2 - 7*v + 6. Let x be l(7). Suppose -x + 21 = -5*i. Let j(t) be the third derivative of t**6/120 + t**5/20 + t**4/8 - t**2. Calculate j(i).
-9
Let t be 8 - 6 - (1 + -1). Let f(q) = -5*q + q - 1 + t*q. Let n = -2 - -1. Give f(n).
1
Let s be (-3)/(-15) + 52/(-10). Let p(w) = w**3 + 4*w**2 - 3*w + 3. Calculate p(s).
-7
Let d(f) = -f**3 + 3*f**2 + 2*f. Let t be d(3). Suppose -4*y + t*l = 2*l + 16, -5*y - l = 2. Let k be 3 - (-2 - 0)/y. Let h(w) = 6*w + 1. What is h(k)?
7
Let v(g) = 2*g - 1 - 9*g + 19*g. Calculate v(-1).
-13
Let o = 34 - 67/2. Let k(l) be the first derivative of -5/4*l**4 + 0*l - 2 + 0*l**3 - o*l**2. What is k(-1)?
6
Let m(v) = v**2 - 6*v - 5. Let l be (0 - -4)*(-30)/(-12). Suppose -4*w = -3*f - 9, -w + 6*w - l = 4*f. Determine m(w).
-5
Suppose -f + 5*f = 12. Suppose s + 2 = -f. Let g(c) = c**3 + 5*c**2 + c + 1. Let i(b) = -b**3 - 5*b**2 - b - 1. Let p(l) = -4*g(l) - 3*i(l). Determine p(s).
4
Let s = 20 + -28. Let f be (10/s)/(2/(-8)). Let r(x) = x - 7. What is r(f)?
-2
Let y(h) = h**3 - 15*h**2 - 14*h - 39. Let g be y(16). Let k(s) = s - 2. What is k(g)?
-9
Let t(m) be the first derivative of 2*m**3/3 - m**2/2 + m - 1. Suppose 4*g - 2*r - 12 = 0, 2*g - 6 = 3*g + 4*r. Suppose -1 = g*j + o, -2*o = -3 + 9. Give t(j).
2
Let x(l) be the third derivative of -l**5/60 + l**4/6 + l**3/2 - 3*l**2. Suppose 0 = 5*q + 5*m - 40, 3*q + m = -m + 22. What is x(q)?
-9
Suppose 4*x + 5 = 5*x. Suppose m + 5*a + 19 = -m, x*a + 22 = -m. Let u(p) = p - 2. What is u(m)?
1
Let r(j) = j - 4. Let p = -86 - -86. Calculate r(p).
-4
Let y(v) be the first derivative of v**3/3 + 3*v**2/2 - 4*v - 24. What is y(-5)?
6
Let n(j) = j - 5. Let o = -3 + 3. Giv